s 145801 a prime number?
False
Is 12929 composite?
True
Is 21407 prime?
True
Is 407471 a prime number?
True
Is 4189 a prime number?
False
Is 6173 composite?
False
Is 217307 prime?
True
Is 19033 a prime number?
False
Is 22546 a prime number?
False
Is 148891 a composite number?
False
Is 9713 a prime number?
False
Is 10154 composite?
True
Is 11359 composite?
True
Is 184139 prime?
False
Is 19771 a composite number?
True
Is 19853 a prime number?
True
Is 43607 a composite number?
False
Is 13567 a composite number?
False
Is 28537 prime?
True
Is 9641 a composite number?
True
Is 1408631 prime?
False
Is 23923 a prime number?
False
Is 422 prime?
False
Is 2609 a composite number?
False
Is 74371 composite?
True
Is 950437 prime?
False
Is 1097599 prime?
True
Is 61091 a composite number?
False
Is 249881 a prime number?
True
Is 1277 a prime number?
True
Is 12959 prime?
True
Is 282401 a prime number?
False
Is 88589 prime?
True
Is 136649 composite?
False
Is 41047 prime?
True
Is 50669 prime?
False
Is 6259 a composite number?
True
Is 27746 prime?
False
Is 73077 prime?
False
Is 343727 prime?
True
Is 78827 a prime number?
False
Is 93419 a composite number?
False
Is 3389 composite?
False
Is 236323 a composite number?
False
Is 52919 a composite number?
False
Is 3415 prime?
False
Is 159013 composite?
False
Is 235289 a prime number?
True
Is 654671 a composite number?
False
Is 407083 a prime number?
True
Is 85889 a prime number?
True
Is 102967 composite?
False
Is 179311 prime?
False
Is 523 composite?
False
Is 72139 composite?
False
Is 23753 prime?
True
Is 1511 prime?
True
Is 267031 a prime number?
False
Is 130003 a composite number?
False
Is 532801 prime?
True
Is 56081 composite?
False
Is 16945 a composite number?
True
Is 248371 a composite number?
False
Is 142867 a composite number?
False
Is 172199 composite?
False
Is 54023 a composite number?
True
Is 55567 composite?
True
Is 31483 composite?
True
Is 5663 a composite number?
True
Is 11957 a composite number?
True
Is 100001 a composite number?
True
Is 57487 a composite number?
False
Is 5737 prime?
True
Is 1287185 a composite number?
True
Is 26583 prime?
False
Is 1364173 a prime number?
False
Is 13058 prime?
False
Is 1115021 a composite number?
True
Is 5207 a prime number?
False
Is 41371 a prime number?
False
Is 396833 composite?
False
Is 39473 prime?
False
Is 109253 a composite number?
False
Is 172738 a composite number?
True
Is 76031 composite?
False
Is 481 a prime number?
False
Is 4713 prime?
False
Is 4393 a composite number?
True
Is 1837 composite?
True
Is 22303 a prime number?
True
Is 12661 prime?
False
Is 5903 prime?
True
Is 35029 a composite number?
True
Is 4317 prime?
False
Is 379 composite?
False
Is 30161 a composite number?
False
Is 9133 composite?
False
Is 43663 composite?
True
Is 453839 a composite number?
True
Is 92753 composite?
False
Is 3281 prime?
False
Is 5261 prime?
True
Is 1037741 a prime number?
True
Is 65543 composite?
False
Is 36509 composite?
True
Is 4241 a prime number?
True
Is 115823 prime?
True
Is 1002301 a composite number?
True
Is 16057 a composite number?
False
Is 645131 a prime number?
True
Is 126839 prime?
True
Is 13139 prime?
False
Is 183431 prime?
False
Is 15299 prime?
True
Is 2942 a composite number?
True
Is 3991 prime?
False
Is 120685 composite?
True
Is 440533 a composite number?
True
Is 26 composite?
True
Is 15926 prime?
False
Is 359717 a prime number?
False
Is 58281 prime?
False
Is 24913 a composite number?
True
Is 12421 a composite number?
False
Is 1793513 composite?
True
Is 237 a prime number?
False
Is 4762 prime?
False
Is 23783 a prime number?
False
Is 271393 a prime number?
True
Is 4391 prime?
True
Is 653431 a prime number?
True
Is 13885 a composite number?
True
Is 1369 prime?
False
Is 135361 prime?
False
Is 1034573 a prime number?
False
Is 2113819 composite?
False
Is 169889 prime?
True
Is 78079 prime?
True
Is 76595 a prime number?
False
Is 12473 composite?
False
Is 1899941 a composite number?
True
Is 24713 prime?
False
Is 36683 a prime number?
True
Is 40279 composite?
True
Is 1755697 prime?
True
Is 26218 a composite number?
True
Is 323723 a composite number?
True
Is 3991 composite?
True
Is 120067 composite?
False
Is 109 prime?
True
Is 1931 a prime number?
True
Is 1361 a prime number?
True
Is 186071 a composite number?
False
Is 10037 composite?
False
Is 59387 composite?
False
Is 172741 composite?
False
Is 2199 composite?
True
Is 1201909 a prime number?
True
Is 270527 a composite number?
False
Is 3821 composite?
False
Is 728719 prime?
False
Is 166307 a composite number?
True
Is 80547 composite?
True
Is 3337 prime?
False
Is 108931 a composite number?
True
Is 4955 a composite number?
True
Is 118381 a prime number?
False
Is 6689 a prime number?
True
Is 123889 composite?
True
Is 18301 a prime number?
True
Is 55967 composite?
False
Is 521 a prime number?
True
Is 157345 a prime number?
False
Is 359665 prime?
False
Is 7663 prime?
False
Is 1651 a composite number?
True
Is 2239201 a prime number?
True
Is 7639 composite?
False
Is 1409 a composite number?
False
Is 6406 a composite number?
True
Is 14479 a composite number?
False
Is 25535 a composite number?
True
Is 2157 a composite number?
True
Is 179317 a prime number?
True
Is 758819 prime?
True
Is 133313 prime?
False
Is 1590029 a prime number?
False
Is 178 a prime number?
False
Is 170869 a prime number?
False
Is 345563 a prime number?
False
Is 400669 a prime number?
False
Is 47041 a prime number?
True
Is 2408038 composite?
True
Is 109331 a prime number?
True
Is 307 prime?
True
Is 126103 composite?
True
Is 1158799 a composite number?
False
Is 291413 a composite number?
True
Is 1655881 a prime number?
False
Is 21553 composite?
True
Is 18119 a prime number?
True
Is 91229 prime?
True
Is 206447 a prime number?
True
Is 1253 prime?
False
Is 2771 composite?
True
Is 14243 a prime number?
True
Is 309559 a prime number?
True
Is 1775629 a prime number?
True
Is 5387 a composite number?
False
Is 8501 composite?
False
Is 2166653 prime?
False
Is 11903 a composite number?
False
Is 216803 composite?
False
Is 6805 composite?
True
Is 229937 composite?
False
Is 222913 prime?
True
Is 462911 composite?
False
Is 3958 a prime number?
False
Is 2417 a prime number?
True
Is 5585 prime?
False
Is 932021 a prime number?
True
Is 14051 a prime number?
True
Is 8129 prime?
False
Is 207227 prime?
True
Is 213119 a prime number?
True
Is 3719 a prime number?
True
Is 580441 a composite number?
True
Is 171293 prime?
True
Is 702229 a prime number?
False
Is 5039 prime?
True
Is 82151 composite?
True
Is 50878 composite?
True
Is 12661 prime?
False
Is 398 composite?
True
Is 81377 a prime number?
False
Is 136613 a prime number?
False
Is 937 composite?
False
Is 338119 a prime number?
True
Is 5807 composite?
False
Is 169527 composite?
True
Is 1777 composite?
False
Is 452759 a composite number?
False
Is 1320119 a prime number?
True
Is 9941 composite?
False
Is 423977 a composite number?
False
Is 284261 composite?
False
Is 388471 a composite number?
False
Is 1034015 prime?
False
Is 1541 composite?
True
Is 4621 prime?
True
Is 1723169 composite?
True
Is 780289 prime?
False
Is 3079 a composite number?
False
Is 410617 a prime number?
True
Is 36911 a prime number?
False
Is 4871 a composite number?
False
Is 208907 prime?
True
Is 2159497 a prime number?
True
Is 712702 a composite number?
True
Is 560009 composite?
True
Is 48989 prime?
True
Is 181711 a prime number?
True
Is 748169 a composite number?
False
Is 22301 prime?
False
Is 86703 a prime number?
False
Is 41113 composite?
False
Is 57751 composite?
False
Is 1177843 composite?
False
Is 2569031 composite?
True
Is 55579 composite?
False
Is 2279 prime?
False
Is 240473 composite?
False
Is 42611 a composite number?
False
Is 312839 a prime number?
True
Is 39341 prime?
True
Is 72746 a composite number?
True
Is 19841 composite?
False
Is 3651 composite?
True
Is 1687073 composite?
True
Is 295751 prime?
True
Is 921773 a prime number?
False
Is 86299 a prime number?
False
Is 6626 a composite number?
True
Is 4451179 prime?
True
Is 2503 composite?
False
Is 50341 composite?
False
Is 511333 a composite number?
False
Is 225662 a prime number?
False
Is 35671 a prime number?
True
Is 17807 a prime number?
True
Is 32309 a prime number?
True
Is 787 composite?
False
I